0 = 4*w - q + 20, -a*q + q = -4. Give u(w).
4
Let f(j) = -j**2 - 12. Let n(t) = -t**2 - 3*t + 4. Suppose -9*d - 23 = 13. Let x be n(d). Determine f(x).
-12
Let m(s) be the first derivative of 4*s - 1/2*s**2 - 18. Let o = 4 + -1. Give m(o).
1
Let k(r) = 2*r**2 + 23*r - 9. Let w be k(-12). Let l(y) = -y**w + 0*y**3 - 162*y**2 + 160*y**2 + 1. Determine l(-2).
1
Let o(x) be the first derivative of -x**3/3 + 15*x**2/2 + 15*x - 83. What is o(16)?
-1
Let p(r) = 7*r + 21 + 73*r**2 + 4*r - 159*r**2 + 78*r**2 - r**3. Let f be p(-9). Let m(w) = 5*w - 3. Determine m(f).
12
Let c = 17 - 12. Let k be (4 + (-69)/15)*c. Let m(n) = -n**2. Let t(g) = 2*g. Let w(v) = m(v) - t(v). Calculate w(k).
-3
Let y(a) = 27*a**3 + a + 1. Let j be ((-56)/84)/((-4)/(-6)). Give y(j).
-27
Let b(m) = 3*m + 6. Let f be b(-3). Let o = f - -5. Suppose -3*r - 4 = o*g, -r - 8 = 3*r. Let s(a) = 5*a + 1. Calculate s(g).
6
Suppose 159 = h + 158. Let l(i) = -h - 1 + i**3 + 0*i**3 + i + 55*i**2 - 63*i**2. What is l(8)?
6
Let j = -765 + 770. Let u(m) be the first derivative of -m**4/4 + 4*m**3/3 + 3*m**2 - m + 2. Determine u(j).
4
Let t(d) = -d**2 - 3*d + 4. Let b be t(-3). Suppose x - 37 = 5*a, -4 = -b*a + 3*a + 4*x. Let l(j) = j**3 + 9*j**2 + 7*j. Determine l(a).
8
Let y(l) be the second derivative of l**4/12 - 7*l**3/3 + 13*l**2/2 + 34*l + 2. Determine y(14).
13
Let p(s) = 1 - 3*s**2 - 84*s + 39*s + 43*s. Let d = 12 - 14. What is p(d)?
-7
Suppose -4*z - 12 = -8*z. Suppose 5*j = -z + 13. Let i be j - (-2 - -3 - -6). Let y(l) = -3*l - 4. What is y(i)?
11
Let q(y) = -73 + 71 + 7*y + 3*y**2 - 4*y**2. What is q(6)?
4
Let g(p) = p**3 + 8*p**2 + 10*p + 4. Suppose 4 = -2*h, -16 = 2*l + h - 0*h. What is g(l)?
-17
Let z be 2/4 - (-204)/(-24). Let k = z + 5. Let v(t) = 7*t**3 - 4*t**2 - 2*t. Let u(x) = -6*x**3 + 3*x**2 + 2*x. Let h(f) = 6*u(f) + 5*v(f). Give h(k).
3
Suppose 0 = 3*q + 4*m - 27, 0*q + 3*m = 2*q - 1. Let b(r) = 20 - q - 13 + r**2 - 4*r. What is b(5)?
7
Let j(t) = 3*t**3 - 59*t**2 - 13*t - 6. Let g(o) = -o**3 + 18*o**2 + 4*o + 1. Let m(f) = -7*g(f) - 2*j(f). Let i = -1 - -9. Determine m(i).
-11
Let k = 7 - 10. Let w = 10 + k. Let h(d) = d**2 - 8*d + 9. Give h(w).
2
Let b be (8/3)/1 - (-34)/102. Let i(o) = b*o**2 + 0*o + 2*o**2 - 4*o**2 + 2*o. Calculate i(-2).
0
Let n(f) = f**2 - 4*f + 2. Let k be (0 - (-6)/(-5))*(-20)/8. Suppose 6 = -2*j - k*q, -5*j = -j - 3*q - 24. Calculate n(j).
-1
Let f(u) be the third derivative of -13*u**2 + 0 - 1/3*u**3 + 1/24*u**4 + 0*u. Let y be f(4). Let c(a) = 4*a**2 - a - 1. Determine c(y).
13
Let p(c) be the second derivative of c**4/12 + c**3/2 + 5*c**2/2 - 318*c. Give p(-7).
33
Suppose -2*f + 3*r = 1 - 4, -r - 4 = -f. Let d(h) = h**3 - 7*h - 3*h - 5*h**2 + f*h - 3. Give d(5).
-8
Let h(v) = 2*v**3 + v + 206*v**2 + 194*v**2 - 400*v**2. What is h(-1)?
-3
Let l(p) = 2*p + 34. Let j be l(-16). Suppose 0 = -6*t + j*t. Suppose -30 = -2*o + 7*i - 3*i, t = -4*o + 4*i + 44. Let g(b) = b - 3. Calculate g(o).
4
Let x be (-1 + (6 - -1))/(-1). Let t(v) be the third derivative of 0*v + 0 - v**3 - 1/24*v**4 - 10*v**2. What is t(x)?
0
Let w = 866 + -866. Let z(j) = 2*j - 4. Determine z(w).
-4
Let r = 2077 + -2086. Let n(u) = -2*u - 10. Calculate n(r).
8
Let h(u) be the second derivative of -u**4/12 + u**3 - u**2/2 - 95*u. Let z be 80/14 + 6/21. What is h(z)?
-1
Let g(w) be the first derivative of w**4/4 + 4*w**3/3 + 3*w - 2. Let m = -47 + 43. What is g(m)?
3
Let s(f) = -f - 3. Suppose -10 - 6 = 4*z. Let r be 5 + (9/6 - (-6)/z). What is s(r)?
-8
Suppose -34*z = -35*z + 5. Let p(m) = -3*m. Suppose -2 = g - 3. Let i(l) = -l. Let x(f) = g*p(f) - 4*i(f). Determine x(z).
5
Let h be 2/9 - 98/(-126). Let c(n) = 0*n**2 - 7*n**2 - 7*n + 212*n**3 - 213*n**3 - h - 1. What is c(-6)?
4
Suppose 0 = 2*a - 2*g - 12, -3*g = 14*a - 11*a - 6. Let u(z) = 12*z + 5. Calculate u(a).
53
Let a(z) = z**2 + 6*z + 6. Suppose -4*q + 5*q - 2 = 0. Suppose 4 = -3*n - q*f - 0, f - 8 = n. Give a(n).
-2
Let c(t) = -t**3 - 6*t**2 - 5*t - 4. Suppose 13 = -x - r - 0, -2*r = 3*x + 41. Let w be 0 + (-1)/((-3)/x). Give c(w).
-4
Let l(f) = f**3 + 4*f**2 - 2*f - 4. Let p = -543 - -538. Give l(p).
-19
Let m(k) = -k**3 + 20*k**2 + 17*k + 73. Let c be m(21). Let i(d) = -3*d - 2. Give i(c).
31
Let b(s) be the third derivative of s**5/60 + s**4/12 - s**3/3 - 48*s**2. Determine b(1).
1
Let a(x) = -11*x**3 - 41*x**2 + x - 49. Let p(r) = -4*r**3 - 16*r**2 - 16. Let g(q) = 3*a(q) - 8*p(q). What is g(3)?
8
Let j(p) be the third derivative of 7*p**4/24 + p**3/6 - 21*p**2 - 8. What is j(5)?
36
Let v(q) = -q - 4. Let g(a) = -2. Suppose 0 = 6*o - 18*o + 84. Let j(c) = o*g(c) - 3*v(c). Determine j(3).
7
Let f = 51 + -49. Suppose 0 = -3*h - f*x - 10, -3 - 39 = 5*h - 3*x. Let j(u) = -u. Calculate j(h).
6
Let w(i) = -i + 9. Let p(l) = -l + 14. Let x be p(18). Let u be (x/5)/((-16)/80). Determine w(u).
5
Let o(h) be the first derivative of h**3/3 - 15*h + 5. Suppose 5*j = -5*v - 20, 0 = -2*j + 7*v - 2*v + 27. Let d(l) = l**2 - 3*l + 2. Let w be d(j). Give o(w).
-15
Let i(h) = 988*h - 2*h**2 - h**3 - 990*h - 3 + 0*h**3 - 4*h**2. Give i(-6).
9
Let c(x) = 3*x**2 - 3*x + 2. Let m(y) = 15*y - 29. Let n be m(2). Suppose -4*l + 12 = 5*k - 2*l, -k + n = -l. What is c(k)?
8
Let k(a) = -a**2 - 6*a + 5. Let h be k(-6). Let x(v) = -6*v**2 + 3 + 4*v**2 - h*v + 2 + 3*v**2. Let z = 21 - 16. Determine x(z).
5
Let w(u) = -u**2 - 14*u - 4. Let v be w(-13). Suppose -b + 10 = 4*m + 4*b, -m + 2*b = -v. Let n(d) = 2*d - 7. Determine n(m).
3
Let a(m) = m**2 - 5*m + 4. Suppose -25*i = -30*i + 50. Let b be (-1)/5 - (2 + (-52)/i). Give a(b).
-2
Let x(b) = b - 10. Let i be x(0). Let m = i - -8. Let y(o) be the third derivative of o**4/6 + o**3/3 - 29*o**2. What is y(m)?
-6
Let c(p) = 3*p + 2. Let b(q) = -8*q - 4. Let w(z) = 2*b(z) + 5*c(z). Determine w(6).
-4
Let p(r) be the second derivative of r**3/3 - 5*r**2/2 + 2*r. Let n = -45 + 61. Let x be n/(-2) - (-4)/1. Give p(x).
-13
Let l = -3 - -7. Let r be 28/20 - l/10 - -8. Let k(a) = a - 8. Calculate k(r).
1
Let q(a) = a**2 + 3*a. Let i(n) = -2*n - 30. Let c be -195*(-7 - -3)/12. Suppose -m - c = 4*m. Let t be i(m). Calculate q(t).
4
Let z(d) be the second derivative of 0 + 2/3*d**3 - 3/2*d**2 - 1/6*d**4 + d. What is z(2)?
-3
Let l(s) = 8*s**2 + 11*s - 6. Let k(m) = 3*m**2 + 4*m - 2. Let x(r) = -11*k(r) + 4*l(r). Let t be ((-8)/10)/((-4)/10). What is x(t)?
-6
Let v = 235 + -232. Let y(d) be the first derivative of 1/3*d**3 + 4*d - 3 - d**2. What is y(v)?
7
Let l(r) = r**2 + 2*r + 1. Let b(n) = 6*n**2 + 9*n + 23. Let m(q) = -b(q) + 5*l(q). Calculate m(0).
-18
Let g(s) be the second derivative of -s**6/360 + 7*s**5/120 + s**4/4 - 2*s**3/3 + 11*s. Let h(w) be the second derivative of g(w). Give h(8).
-2
Let x(n) = -n**3 - 6*n**2 + 6*n + 5. Let w = -31 - -24. Let r be x(w). Let i(j) = -2*j**2 - 4 + 3*j**2 + r*j - 9*j. Determine i(3).
14
Let g(v) = -v - 4. Let k be g(-11). Let i(u) = -2*u**3 - 6*u**2 + u + 3*u**3 - k + 0 + u. Calculate i(6).
5
Let m = 3 + -1. Let q(x) = -3 + x**2 - 7*x**2 + x + 3*x**2 + 4*x**m. Let s(w) = -2*w + 33. Let v be s(15). Give q(v).
9
Let i(d) = 0*d**2 + 0*d**2 - 650*d + 653*d + d**2 + 3. Calculate i(-2).
1
Let s(l) be the third derivative of l**5/30 + 3*l**4/4 + 35*l**3/6 + l**2 - 15*l. Let v be s(-6). Let u(i) = -3*i**3 - 2*i**2 - i. What is u(v)?
2
Suppose -1 = 2*v + 7, -76 = 4*n - 3*v. Let b be 19 + n - (1 - 20). Let x(p) = -b + 8 + p - p**2 + 8 + p**3. Give x(0).
0
Let s = -219 + 215. Let h(k) = k**3 + 2*k**2 - 6*k - 1. Calculate h(s).
-9
Let x(n) be the third derivative of -n**5/60 - n**4/2 + 13*n**3/6 + 2*n**2 - 50*n. What is x(-14)?
-15
Suppose 5*k - 9 = 2*k. Let p(c) = c**3 - c**2 + 2*c - 4. Let a be p(2). Let n(w) = -10 - a*w**k + 5*w**3 + 6*w**2 + 4 + w. Determine n(-6).
-12
Let z be (-72)/(-18)*(-1)/(-2)*-2. Let g(h) = h**2 + 3*h + 1. What is g(z)?
5
Let z = -32 + 36. Let m = -8 + z. Let f be (2 + -1)*m - 0. Let r(w) = -w**2 - 2*w - 1. Calculate r(f).
-9
Let t(m) be the second derivative of m**4/12 - 4*m**2 - 61*m. Let v(s) = -s**2 + 8*s + 3. Let j be v(5). Let k be 4/j - (-2)/(-9). Give t(k).
-8
Let y(a) = -a. Let k(c) = -c**2 + 5*c - 22. Let d(i) = k(i) - 3*y(i). What is d(5)?
-7
Let c(y) = -7*y + 32. Let l(s) = -17*s + 64. Let u(g) = -5*c(g) + 2*l(g). Determine u(0).
